
{"id":33,"date":"2018-06-05T10:57:58","date_gmt":"2018-06-05T10:57:58","guid":{"rendered":"http:\/\/palaveri.fi\/?page_id=33"},"modified":"2018-06-05T16:32:08","modified_gmt":"2018-06-05T16:32:08","slug":"ota-yhteytta","status":"publish","type":"page","link":"http:\/\/palaveri.fi\/?page_id=33","title":{"rendered":"Yhteystiedot"},"content":{"rendered":"<p><strong>PALAVERI<\/strong><br \/>\nRajabaari &#8211; Neste Karesuvanto<br \/>\nK\u00e4sivarrentie 3767<br \/>\n99470 Karesuvanto<\/p>\n<p>Neste: +358 (0)16 522182<br \/>\nKahvila: +358 (0)16 522181<br \/>\nS\u00e4hk\u00f6posti (Email): rajabaari.puranen(at)co.inet.fi<\/p>\n<p><img loading=\"lazy\" decoding=\"async\" class=\"alignleft size-full wp-image-10\" src=\"http:\/\/palaveri.fi\/wp-content\/uploads\/2018\/06\/logo_palaveri.png\" alt=\"\" width=\"200\" height=\"57\" \/><\/p>\n<table width=\"100%\" border=\"0\">\n<tr>\n<td>&nbsp;<\/td>\n<\/tr>\n<tr>\n<td>&nbsp;<\/td>\n<\/tr>\n<tr>\n<td>&nbsp;<\/td>\n<\/tr>\n<tr>\n<td>&nbsp;<\/td>\n<\/tr>\n<tr>\n<td>&nbsp;<\/td>\n<\/tr>\n<tr>\n<td>&nbsp;<\/td>\n<\/tr>\n<tr>\n<td>&nbsp;<\/td>\n<\/tr>\n<tr>\n<td>&nbsp;<\/td>\n<\/tr>\n<tr>\n<td>&nbsp;<\/td>\n<\/tr>\n<tr>\n<td>&nbsp;<\/td>\n<\/tr>\n<tr>\n<td>&nbsp;<\/td>\n<\/tr>\n<tr>\n<td>&nbsp;<\/td>\n<\/tr>\n<tr>\n<td>&nbsp;<\/td>\n<\/tr>\n<tr>\n<td>&nbsp;<\/td>\n<\/tr>\n<\/table>\n","protected":false},"excerpt":{"rendered":"<p>PALAVERI Rajabaari &#8211; Neste Karesuvanto K\u00e4sivarrentie 3767 99470 Karesuvanto Neste: +358 (0)16 522182 Kahvila: +358 (0)16 522181 S\u00e4hk\u00f6posti (Email): rajabaari.puranen(at)co.inet.fi &nbsp; &nbsp; &nbsp; &nbsp; &nbsp; &nbsp; &nbsp; &nbsp; &nbsp; &nbsp; &nbsp; &nbsp; &nbsp; &nbsp;<\/p>\n","protected":false},"author":1,"featured_media":0,"parent":0,"menu_order":0,"comment_status":"closed","ping_status":"closed","template":"","meta":{"footnotes":""},"class_list":["post-33","page","type-page","status-publish","hentry"],"_links":{"self":[{"href":"http:\/\/palaveri.fi\/index.php?rest_route=\/wp\/v2\/pages\/33"}],"collection":[{"href":"http:\/\/palaveri.fi\/index.php?rest_route=\/wp\/v2\/pages"}],"about":[{"href":"http:\/\/palaveri.fi\/index.php?rest_route=\/wp\/v2\/types\/page"}],"author":[{"embeddable":true,"href":"http:\/\/palaveri.fi\/index.php?rest_route=\/wp\/v2\/users\/1"}],"replies":[{"embeddable":true,"href":"http:\/\/palaveri.fi\/index.php?rest_route=%2Fwp%2Fv2%2Fcomments&post=33"}],"version-history":[{"count":9,"href":"http:\/\/palaveri.fi\/index.php?rest_route=\/wp\/v2\/pages\/33\/revisions"}],"predecessor-version":[{"id":168,"href":"http:\/\/palaveri.fi\/index.php?rest_route=\/wp\/v2\/pages\/33\/revisions\/168"}],"wp:attachment":[{"href":"http:\/\/palaveri.fi\/index.php?rest_route=%2Fwp%2Fv2%2Fmedia&parent=33"}],"curies":[{"name":"wp","href":"https:\/\/api.w.org\/{rel}","templated":true}]}}